{"id":48,"date":"2017-09-23T22:28:17","date_gmt":"2017-09-23T20:28:17","guid":{"rendered":"http:\/\/dire-nous.be\/?page_id=48"},"modified":"2018-11-06T16:49:35","modified_gmt":"2018-11-06T15:49:35","slug":"partenaires","status":"publish","type":"page","link":"https:\/\/dire-nous.be\/index.php\/partenaires\/","title":{"rendered":"Origines"},"content":{"rendered":"<p style=\"text-align: justify;\">Le projet Dire Nous est la somme d&rsquo;envies de diff\u00e9rents partenaires, \u00e0 savoir la Ville de Verviers, et la&nbsp; Maison des Jeunes des R\u00e9collets. D&rsquo;autres partenaires, tel que le CRVI ou le Centre Culturel de Verviers sont intervenus ou vont intervenir de fa\u00e7on ponctuelle dans les d\u00e9veloppements \u00e0 venir<\/p>\n<p style=\"text-align: justify;\">En raison de la forte crise \u00e9conomique qui affecte toute l&rsquo;Europe, de plus en plus de jeunes sont inquiets vis \u00e0 vis du future. Nombreux sont ceux qui empruntent le chemin de la marginalisation, beaucoup avouent se sentir m\u00e9pris\u00e9s dans la sph\u00e8re publique. L&rsquo;acc\u00e8s aux droits sociaux, bien qu&rsquo;en principe acquis, est de plus en plus difficile pour pas mal d\u2019entre eux. Comme r\u00e9cemment illustr\u00e9 en Europe \u00e0 travers la soi-disant \u00abcrise des migrants\u00bb, la D\u00e9claration universelle des droits de l&rsquo;homme, et par cons\u00e9quent l&rsquo;id\u00e9e \/ la perception que tous les \u00eatre humains sont \u00e9gaux et ont les m\u00eames droits dans leur vie, semble \u00eatre un concept des moins respect\u00e9s et appliqu\u00e9s dans le monde entier&#8230; Pourtant cette d\u00e9claration constitue un des documents les plus sign\u00e9s sur la plan\u00e8te par les chefs d\u2019\u00e9tats&#8230;<\/p>\n<p style=\"text-align: justify;\">Nous sommes constamment t\u00e9moins de violations r\u00e9p\u00e9t\u00e9es des droits de l&rsquo;homme, non seulement au niveau \u00abmacro\u00bb, ce qui peut sembler relativement \u00e9loign\u00e9 de notre r\u00e9alit\u00e9 (les dictatures, l&rsquo;esclavage, la torture, etc.), mais qui apparaissent \u00e9galement de plus en plus<br \/>\nr\u00e9guli\u00e8rement dans de nos soci\u00e9t\u00e9s, dans notre vie quotidienne.<\/p>\n<p style=\"text-align: justify;\">Ces ph\u00e9nom\u00e8nes atteignent des niveaux parfois inattendus de violence et de cruaut\u00e9 \u00e0 travers des actes fr\u00e9quents d\u2019intimidation, d&rsquo;intol\u00e9rance, de x\u00e9nophobie, de rejet \u00e0 l&rsquo;\u00e9gard de tout consid\u00e9r\u00e9 comme \u00abdiff\u00e9rent\u00bb. Diff\u00e9rents \u00e0 travers les genres, les pr\u00e9f\u00e9rences sexuelles, diff\u00e9rents d\u2019un<br \/>\npoint de vue des conditions physiques ou mentales, diff\u00e9rents par rapport aux origines sociales ou ethniques, diff\u00e9rence de point de vue critique, diff\u00e9rence dans les simples choix de vie&#8230;<\/p>\n<p style=\"text-align: justify;\">Parall\u00e8lement, \u00e0 travers notre travail quotidien avec les jeunes nous avons remarqu\u00e9 que la cr\u00e9ativit\u00e9 et l&rsquo;expression artistique repr\u00e9sentent un outil important pour permettre aux jeunes de trouver de nouvelles opportunit\u00e9s d&rsquo;int\u00e9gration, de nouvelles voies pour exprimer de nouveaux souhaits et id\u00e9es \u2026 un moyen id\u00e9al, en quelque sorte, pour partager avec leurs pairs leurs besoins et probl\u00e8mes, leurs visions des choses.<\/p>\n<p><img loading=\"lazy\" decoding=\"async\" class=\"size-full wp-image-448\" src=\"http:\/\/dire-nous.be\/wp-content\/uploads\/2017\/09\/jos\u00e9-torino.png\" alt=\"\" width=\"769\" height=\"957\"><\/p>\n<p style=\"text-align: center;\"><strong><em>(Jose Carvalho &#8211; projet r\u00e9alis\u00e9 avec la MJ des R\u00e9collets, Torino Di Sangro \u2013 Italie- juin 2016)<\/em><\/strong><\/p>\n<p style=\"text-align: justify;\">Sur base de ce constat, la Maison des jeunes des R\u00e9collets, en collaboration avec divers organismes europ\u00e9ens, a multipli\u00e9 les rencontres et les \u00e9changes, favorisant \u00e0 faire \u00e9merger ces constats de fa\u00e7on cr\u00e9ative.<\/p>\n<p style=\"text-align: justify;\">Deux cents jeunes de tous horizons ont particip\u00e9 \u00e0 cette aventure qui aura men\u00e9 la MJ des R\u00e9collets aux quatre coins de l\u2019Europe. Une th\u00e9matique (Humans Rights &amp; Creativity) d\u00e9clin\u00e9e sous diff\u00e9rentes formes et \u00e0 travers diff\u00e9rents ateliers : cirque, th\u00e9atre de Rue, comics\/graffiti, marionnette, musique, photo, Stop Motion, vid\u00e9o, etc\u2026<\/p>\n<p style=\"text-align: justify;\">Les r\u00e9sultats obtenus lors de ces diff\u00e9rents \u00e9changes internationaux ont \u00ab tap\u00e9s dans l\u2019oeil \u00bb du BIJ (Bureau International Jeunesse), qui a dsoutenu financi\u00e8rement la Mj des R\u00e9collets sur un dossier sp\u00e9cifique : \u00ab Droits de l\u2019Homme \u2013 Droits sociaux \u2013 Vers une vie juste et digne \u00bb. Aussi, nous sommes laur\u00e9ats d\u2019une bourse nous permettant de travailler sur une publication retra\u00e7ant l\u2019ensemble de nos p\u00e9rip\u00e9ties. La compilation des diff\u00e9rents \u00e9l\u00e9ments, les contenus p\u00e9dagogiques, une foire aux outils, l\u2019\u00e9laboration d\u2019une charte graphique a \u00e9t\u00e9 travaill\u00e9e \u00e0 Verviers du 12 au 17 septembre 2016, \u00e0 la MJ des R\u00e9collets&#8230;<\/p>\n<p style=\"text-align: justify;\"><strong>La semaine d&rsquo;apr\u00e8s, la premi\u00e8re fresque cour Fisher voyait le jour&#8230;<\/strong><\/p>\n","protected":false},"excerpt":{"rendered":"<p>Le projet Dire Nous est la somme d&rsquo;envies de diff\u00e9rents partenaires, \u00e0 savoir la Ville de Verviers, et la&nbsp; Maison des Jeunes des R\u00e9collets. D&rsquo;autres partenaires, tel que le CRVI ou le Centre Culturel de Verviers sont intervenus ou vont intervenir de fa\u00e7on ponctuelle dans les d\u00e9veloppements \u00e0 venir En raison de la forte crise &hellip; <a href=\"https:\/\/dire-nous.be\/index.php\/partenaires\/\" class=\"more-link\">Continuer la lecture<span class=\"screen-reader-text\"> de &laquo;&nbsp;Origines&nbsp;&raquo;<\/span><\/a><\/p>\n","protected":false},"author":1,"featured_media":0,"parent":0,"menu_order":0,"comment_status":"closed","ping_status":"closed","template":"","meta":{"ngg_post_thumbnail":0,"footnotes":""},"_links":{"self":[{"href":"https:\/\/dire-nous.be\/index.php\/wp-json\/wp\/v2\/pages\/48"}],"collection":[{"href":"https:\/\/dire-nous.be\/index.php\/wp-json\/wp\/v2\/pages"}],"about":[{"href":"https:\/\/dire-nous.be\/index.php\/wp-json\/wp\/v2\/types\/page"}],"author":[{"embeddable":true,"href":"https:\/\/dire-nous.be\/index.php\/wp-json\/wp\/v2\/users\/1"}],"replies":[{"embeddable":true,"href":"https:\/\/dire-nous.be\/index.php\/wp-json\/wp\/v2\/comments?post=48"}],"version-history":[{"count":5,"href":"https:\/\/dire-nous.be\/index.php\/wp-json\/wp\/v2\/pages\/48\/revisions"}],"predecessor-version":[{"id":452,"href":"https:\/\/dire-nous.be\/index.php\/wp-json\/wp\/v2\/pages\/48\/revisions\/452"}],"wp:attachment":[{"href":"https:\/\/dire-nous.be\/index.php\/wp-json\/wp\/v2\/media?parent=48"}],"curies":[{"name":"wp","href":"https:\/\/api.w.org\/{rel}","templated":true}]}}